{"id":13152,"date":"2017-07-11T17:29:24","date_gmt":"2017-07-11T16:29:24","guid":{"rendered":"http:\/\/cerdanyolach.cat\/hockey\/?page_id=13152"},"modified":"2017-07-11T17:55:29","modified_gmt":"2017-07-11T16:55:29","slug":"contacte","status":"publish","type":"page","link":"https:\/\/cerdanyolach.cat\/hockey\/contacte\/","title":{"rendered":"Contacta amb nosaltres!"},"content":{"rendered":"<div style=\"float: left; width: 45%;\"><strong>Zona esportiva Can Xarau<\/strong><br \/>\n Adre\u00e7a: C\/ Cam\u00e8lies, s\/n<br \/>\n Poblaci\u00f3: Cerdanyola del Vall\u00e8s<br \/>\n Codi postal: 08290<br \/>\n Tel\u00e8fon: 93 592 15 51<br \/>\n e-mail: <a href=\"mailto:info@cerdanyolach.com\">info@cerdanyolach.com<\/a><\/p>\n<p>Tamb\u00e9 ens trobareu\u00a0a les xarxes socials: <strong>Facebook:<\/strong> <em><a href=\"https:\/\/www.facebook.com\/Cerdanyola-Club-dHoquei-48253256841\">Cerdanyola Club d&#8217;Hoquei<\/a><\/em><br \/>\n <strong>Twitter:<\/strong> <em><a href=\"https:\/\/twitter.com\/hoqueisarda\">@hoqueisarda<\/a><\/em><\/p>\n<p><iframe src=\"http:\/\/maps.google.es\/maps?ie=UTF8&amp;oe=utf-8&amp;client=firefox-a&amp;q=Carrer+de+les+Cam%C3%A8lies,+08290,+Cerdanyola+del+Vall%C3%A8s,+Espa%C3%B1a&amp;t=h&amp;ll=41.502278,2.144308&amp;spn=0.043968,0.083771&amp;z=14&amp;iwloc=addr&amp;output=embed&amp;s=AARTsJoBlUOERBP6bRswpFWFXwK_UTzElA\" width=\"425\" height=\"350\" frameborder=\"0\" marginwidth=\"0\" marginheight=\"0\" scrolling=\"no\"><\/iframe><br \/>\n <small><a style=\"color: #0000ff; text-align: left;\" href=\"http:\/\/maps.google.es\/maps?ie=UTF8&amp;oe=utf-8&amp;client=firefox-a&amp;q=Carrer+de+les+Cam%C3%A8lies,+08290,+Cerdanyola+del+Vall%C3%A8s,+Espa%C3%B1a&amp;t=h&amp;ll=41.502278,2.144308&amp;spn=0.043968,0.083771&amp;z=14&amp;iwloc=addr&amp;source=embed\">Mostra un mapa m\u00e9s gran<\/a><\/small><\/p>\n<\/div>\n<div style=\"float: right; width: 45%;\">\n<p>Posa\u2019t en contacte amb nosaltres\u00a0a trav\u00e9s d&#8217;aquest correu i\u00a0respondrem el\u00a0m\u00e9s aviat possible!<\/p>\n\n<div class=\"wpcf7 no-js\" id=\"wpcf7-f12076-o1\" lang=\"ca\" dir=\"ltr\" data-wpcf7-id=\"12076\">\n<div class=\"screen-reader-response\"><p role=\"status\" aria-live=\"polite\" aria-atomic=\"true\"><\/p> <ul><\/ul><\/div>\n<form action=\"\/hockey\/wp-json\/wp\/v2\/pages\/13152#wpcf7-f12076-o1\" method=\"post\" class=\"wpcf7-form init\" aria-label=\"Formulari de contacte\" novalidate=\"novalidate\" data-status=\"init\">\n<div style=\"display: none;\">\n<input type=\"hidden\" name=\"_wpcf7\" value=\"12076\" \/>\n<input type=\"hidden\" name=\"_wpcf7_version\" value=\"6.0.4\" \/>\n<input type=\"hidden\" name=\"_wpcf7_locale\" value=\"ca\" \/>\n<input type=\"hidden\" name=\"_wpcf7_unit_tag\" value=\"wpcf7-f12076-o1\" \/>\n<input type=\"hidden\" name=\"_wpcf7_container_post\" value=\"0\" \/>\n<input type=\"hidden\" name=\"_wpcf7_posted_data_hash\" value=\"\" \/>\n<\/div>\n<p><label> Nom (obligatori)<br \/>\n<span class=\"wpcf7-form-control-wrap\" data-name=\"your-name\"><input size=\"40\" maxlength=\"400\" class=\"wpcf7-form-control wpcf7-text wpcf7-validates-as-required\" aria-required=\"true\" aria-invalid=\"false\" value=\"\" type=\"text\" name=\"your-name\" \/><\/span> <\/label>\n<\/p>\n<p><label> Correu Electr\u00f2nic (obligatori)<br \/>\n<span class=\"wpcf7-form-control-wrap\" data-name=\"your-email\"><input size=\"40\" maxlength=\"400\" class=\"wpcf7-form-control wpcf7-email wpcf7-validates-as-required wpcf7-text wpcf7-validates-as-email\" aria-required=\"true\" aria-invalid=\"false\" value=\"\" type=\"email\" name=\"your-email\" \/><\/span> <\/label>\n<\/p>\n<p><label> Assumpte<br \/>\n<span class=\"wpcf7-form-control-wrap\" data-name=\"your-subject\"><input size=\"40\" maxlength=\"400\" class=\"wpcf7-form-control wpcf7-text\" aria-invalid=\"false\" value=\"\" type=\"text\" name=\"your-subject\" \/><\/span> <\/label>\n<\/p>\n<p><label> El teu missatge<br \/>\n<span class=\"wpcf7-form-control-wrap\" data-name=\"your-message\"><textarea cols=\"40\" rows=\"10\" maxlength=\"2000\" class=\"wpcf7-form-control wpcf7-textarea\" aria-invalid=\"false\" name=\"your-message\"><\/textarea><\/span> <\/label>\n<\/p>\n<p><input class=\"wpcf7-form-control wpcf7-submit has-spinner\" type=\"submit\" value=\"Enviar\" \/>\n<\/p><p style=\"display: none !important;\"><label>&#916;<textarea name=\"_wpcf7_ak_hp_textarea\" cols=\"45\" rows=\"8\" maxlength=\"100\"><\/textarea><\/label><input type=\"hidden\" id=\"ak_js_1\" name=\"_wpcf7_ak_js\" value=\"62\"\/><script>document.getElementById( \"ak_js_1\" ).setAttribute( \"value\", ( new Date() ).getTime() );<\/script><\/p><div class=\"wpcf7-response-output\" aria-hidden=\"true\"><\/div>\n<\/form>\n<\/div>\n\n<\/div>\n","protected":false},"excerpt":{"rendered":"<p>Zona esportiva Can Xarau Adre\u00e7a: C\/ Cam\u00e8lies, s\/n Poblaci\u00f3: Cerdanyola del Vall\u00e8s Codi postal: 08290 Tel\u00e8fon: 93 592 15 51 [&hellip;]<\/p>\n","protected":false},"author":241,"featured_media":0,"parent":0,"menu_order":0,"comment_status":"closed","ping_status":"closed","template":"","meta":{"spay_email":"","footnotes":""},"class_list":["post-13152","page","type-page","status-publish","hentry"],"_links":{"self":[{"href":"https:\/\/cerdanyolach.cat\/hockey\/wp-json\/wp\/v2\/pages\/13152","targetHints":{"allow":["GET"]}}],"collection":[{"href":"https:\/\/cerdanyolach.cat\/hockey\/wp-json\/wp\/v2\/pages"}],"about":[{"href":"https:\/\/cerdanyolach.cat\/hockey\/wp-json\/wp\/v2\/types\/page"}],"author":[{"embeddable":true,"href":"https:\/\/cerdanyolach.cat\/hockey\/wp-json\/wp\/v2\/users\/241"}],"replies":[{"embeddable":true,"href":"https:\/\/cerdanyolach.cat\/hockey\/wp-json\/wp\/v2\/comments?post=13152"}],"version-history":[{"count":10,"href":"https:\/\/cerdanyolach.cat\/hockey\/wp-json\/wp\/v2\/pages\/13152\/revisions"}],"predecessor-version":[{"id":18730,"href":"https:\/\/cerdanyolach.cat\/hockey\/wp-json\/wp\/v2\/pages\/13152\/revisions\/18730"}],"wp:attachment":[{"href":"https:\/\/cerdanyolach.cat\/hockey\/wp-json\/wp\/v2\/media?parent=13152"}],"curies":[{"name":"wp","href":"https:\/\/api.w.org\/{rel}","templated":true}]}}