{"id":12175,"date":"2016-11-21T16:55:53","date_gmt":"2016-11-21T15:55:53","guid":{"rendered":"http:\/\/cerdanyolach.cat\/hockey\/?page_id=12175"},"modified":"2017-09-30T09:57:54","modified_gmt":"2017-09-30T08:57:54","slug":"historia","status":"publish","type":"page","link":"https:\/\/cerdanyolach.cat\/hockey\/historia\/","title":{"rendered":"Hist\u00f2ria"},"content":{"rendered":"<h1><span style=\"color: #388244;\">Inicis<\/span><\/h1>\n<p style=\"text-align: justify;\"><img decoding=\"async\" class=\"wp-image-13133 alignleft\" src=\"https:\/\/cerdanyolach.cat\/hockey\/wp-content\/uploads\/2016\/11\/1929248_52381151841_1500_n.jpg\" alt=\"\" width=\"173\" height=\"280\" srcset=\"https:\/\/cerdanyolach.cat\/hockey\/wp-content\/uploads\/2016\/11\/1929248_52381151841_1500_n.jpg 198w, https:\/\/cerdanyolach.cat\/hockey\/wp-content\/uploads\/2016\/11\/1929248_52381151841_1500_n-150x243.jpg 150w\" sizes=\"(max-width: 173px) 100vw, 173px\" \/>La pr\u00e0ctica de l&#8217;hoquei patins a Cerdanyola, ha esdevingut un s\u00edmbol en la identitat del poble. Aquesta pr\u00e0ctica va comen\u00e7ar l&#8217;any 1934 quan a l&#8217;antiga pista del Parc Cordelles s&#8217;hi comen\u00e7arien a jugar els primers partits d&#8217;hoquei patins de forma informal.<\/p>\n<p style=\"text-align: justify;\">Al cap d&#8217;un parell d&#8217;anys, amb la Guerra Civil ja comen\u00e7ada i amb la col\u00b7lectivitzaci\u00f3 del Club Cordelles, <strong><span style=\"color: #388244;\">al Setembre de 1936 es fundaria\u00a0el Cerdanyola\u00a0Club d&#8217;Hoquei<\/span><\/strong> amb Francesc Mariner\u00a0Alsina\u00a0de president. El primer partit es va celebrar contra el\u00a0Luna\u00a0H.C. i els jugadors\u00a0del Cerdanyola Club d&#8217;Hoquei van ser: Emilio\u00a0Albi\u00f1ana, Esteve\u00a0Humet,\u00a0Francisco\u00a0Mariner, Josep Maria Cabot, Jordi Cabot i Josep Maria\u00a0Aloy.<\/p>\n<p style=\"text-align: justify;\">En acabar la guerra, es va formar una comissi\u00f3 gestora per tal de constituir una nova junta directiva. El 20 d&#8217;octubre del 1940 se celebr\u00e0 l&#8217;assemblea a la qual\u00a0hi\u00a0varen assistir 21 socis que entre altres temes acordaren la inscripci\u00f3 del Club al &#8220;<em>Registro de\u00a0Sociedade<\/em>s&#8221;.<\/p>\n<h1>\u00a0<\/h1>\n<h1><span style=\"color: #388244;\">M\u00e8rits Esportius<\/span><\/h1>\n<p style=\"text-align: justify;\"><img decoding=\"async\" class=\"alignright wp-image-13134\" src=\"https:\/\/cerdanyolach.cat\/hockey\/wp-content\/uploads\/2016\/11\/1937-450x305.jpg\" alt=\"\" width=\"173\" height=\"117\" srcset=\"https:\/\/cerdanyolach.cat\/hockey\/wp-content\/uploads\/2016\/11\/1937-450x305.jpg 450w, https:\/\/cerdanyolach.cat\/hockey\/wp-content\/uploads\/2016\/11\/1937-150x100.jpg 150w, https:\/\/cerdanyolach.cat\/hockey\/wp-content\/uploads\/2016\/11\/1937-300x204.jpg 300w, https:\/\/cerdanyolach.cat\/hockey\/wp-content\/uploads\/2016\/11\/1937.jpg 600w\" sizes=\"(max-width: 173px) 100vw, 173px\" \/>L&#8217;any 1937,\u00a0el Cerdanyola\u00a0Club d&#8217;Hoquei sortiria campi\u00f3, en la seva primera participaci\u00f3, del Campionat de Catalunya de\u00a02\u00aa\u00a0Categoria amb una plantilla composta per:\u00a0Emilio\u00a0Albi\u00f1ana, Josep Maria\u00a0Aloy,\u00a0Francisco\u00a0Mariner, Jordi Cabot, Josep Maria Cabot, E. Labori, Gual i Fontdevila.<\/p>\n<p style=\"text-align: justify;\">Aquest mateix any, en el Campionat de Catalunya, es va registrar un triple empat a punts entre\u00a0el Cerdanyola, l&#8217;Uni\u00f3n\u00a0i el Club\u00a0Pat\u00edn, per\u00f2 finalment fou el\u00a0Uni\u00f3n\u00a0qui el guanyaria despr\u00e9s d&#8217;un emocionant desempat, quedant\u00a0el Cerdanyola\u00a0amb el subcampionat.\u00a0Destaca el Cerdanyola al ser el primer club d&#8217;hoquei que es va concentrar abans de jugar un partit. A la final es van despla\u00e7ar dos autocars d&#8217;aficionats Vallesans.<\/p>\n<p style=\"text-align: justify;\">A la temporada 1941-42 va aconseguir guanyar el prestigi\u00f3s &#8220;<em>Torneo\u00a0Hermanos\u00a0Pironti<\/em>&#8221; en v\u00e8ncer al Girona H.C. per 4 a 2. Hi jugaren,\u00a0Emilio\u00a0Albi\u00f1ana, E,\u00a0Labori,\u00a0Jacinto\u00a0Humet,\u00a0Marcos\u00a0Humet, J.O\u00a0Humet\u00a0i\u00a0Jani.<\/p>\n<p style=\"text-align: justify;\">Al juny del 1944, va participar per primera vegada al\u00a0<em>Campeonato\u00a0de\u00a0Espa\u00f1a<\/em>, els encontres es diputaren a les instal\u00b7lacions de\u00a0Piscinas\u00a0y\u00a0Deportes\u00a0de Barcelona i els equips foren,\u00a0<em>Deportivo\u00a0de La\u00a0Coru\u00f1a,\u00a0Patria\u00a0de\u00a0Zaragoza, S.E.U. de Madrid, C.N. Palma de Mallorca, Club\u00a0Patin,<\/em>\u00a0RCD Espanyol\u00a0de Barcelona, Girona i Cerdanyola\u00a0CH. El t\u00edtol va ser\u00a0per el\u00a0RCD Espanyol que va guanyar la final\u00a0al Cerdanyola\u00a0CH per 4 a 1. Hi jugaren,\u00a0Emilio\u00a0Albi\u00f1ana, M.\u00a0Vi\u00f1als, Antonio\u00a0Tomas,\u00a0Lluis\u00a0Humet, Jordi Permanyer i J.O.\u00a0Humet.<\/p>\n<p style=\"text-align: justify;\">L&#8217;any 1945, es va produir el canvi del disc per la bola, i\u00a0el Cerdanyola\u00a0CH\u00a0va aconseguir guanyar el campionat catal\u00e0 de Primera Divisi\u00f3. Els jugadors eren,\u00a0Emilio\u00a0Albi\u00f1ana, Jordi Permanyer,\u00a0Lluis\u00a0Humet, A. &#8220;Tito&#8221; Mas, J.O.\u00a0Humet\u00a0i M.\u00a0Vi\u00f1als. L&#8217;any 1947, es renova la junta directiva, el nou president \u00e9s el Dr.\u00a0Ram\u00f3n\u00a0Permanyer\u00a0Volart.\u00a0<\/p>\n<p style=\"text-align: justify;\">L&#8217;any 1973, va disputar la final del Campionat d&#8217;Espanya (l&#8217;actual Copa del Rei) a la poblaci\u00f3 asturiana de Mieres, perdent davant el Reus\u00a0Deportiu\u00a0per 4 a 3.<\/p>\n<p style=\"text-align: justify;\"><img decoding=\"async\" class=\"alignright wp-image-13135\" src=\"https:\/\/cerdanyolach.cat\/hockey\/wp-content\/uploads\/2016\/11\/1986.jpg\" alt=\"\" width=\"173\" height=\"136\" srcset=\"https:\/\/cerdanyolach.cat\/hockey\/wp-content\/uploads\/2016\/11\/1986.jpg 389w, https:\/\/cerdanyolach.cat\/hockey\/wp-content\/uploads\/2016\/11\/1986-150x118.jpg 150w, https:\/\/cerdanyolach.cat\/hockey\/wp-content\/uploads\/2016\/11\/1986-300x235.jpg 300w\" sizes=\"(max-width: 173px) 100vw, 173px\" \/>Consecutivament durant tres temporades, es va proclamar campi\u00f3 de les primeres edicions de la Copa Catalana disputades els anys 79, 80 i 81. Els integrants de l&#8217;equip el darrer any foren, Josep\u00a0Tamburini, Josep\u00a0Su\u00f1\u00e9, Jaume Carreter, Jordi Mir\u00f3,\u00a0Fernando\u00a0del\u00a0Espino, Pere\u00a0Torras,\u00a0Manolo\u00a0Barcel\u00f3,\u00a0F\u00e9lix\u00a0Andr\u00e9s,\u00a0Quique\u00a0Roig,\u00a0Lllu\u00eds\u00a0Mart\u00ednez i\u00a0Carlos\u00a0Figueroa.<\/p>\n<p style=\"text-align: justify;\">L&#8217;any 1985\u00a0el Cerdanyola\u00a0va aconseguir el seu major m\u00e8rit esportiu arribant a la final de la copa\u00a0de la CERS, perdent davant l&#8217;equip itali\u00e0 del\u00a0Hockey\u00a0Novara, el considerat llavors millor club d&#8217;hoquei del moment. La final va ser a doble partit. L&#8217;anada a Cerdanyola va acabar amb empat a 3, amb\u00a0un pavell\u00f3 de Can\u00a0Xarau\u00a0completament ple, i el partit a It\u00e0lia va decantar la balan\u00e7a pels\u00a0<em>Azurri<\/em>\u00a0amb un resultat de 7 a 4.<\/p>\n<p style=\"text-align: justify;\"><img loading=\"lazy\" decoding=\"async\" class=\"alignleft wp-image-13140\" src=\"https:\/\/cerdanyolach.cat\/hockey\/wp-content\/uploads\/2016\/11\/AscensOkLLiga-450x299.jpg\" alt=\"\" width=\"173\" height=\"115\" srcset=\"https:\/\/cerdanyolach.cat\/hockey\/wp-content\/uploads\/2016\/11\/AscensOkLLiga-450x299.jpg 450w, https:\/\/cerdanyolach.cat\/hockey\/wp-content\/uploads\/2016\/11\/AscensOkLLiga-150x100.jpg 150w, https:\/\/cerdanyolach.cat\/hockey\/wp-content\/uploads\/2016\/11\/AscensOkLLiga-300x199.jpg 300w, https:\/\/cerdanyolach.cat\/hockey\/wp-content\/uploads\/2016\/11\/AscensOkLLiga.jpg 500w\" sizes=\"(max-width: 173px) 100vw, 173px\" \/>Des de la creaci\u00f3 de la Divisi\u00f3 d&#8217;Honor\u00a0Espanyola, actual\u00a0OkLliga, la temporada 1969-1970,\u00a0el Cerdanyola\u00a0Club d&#8217;Hoquei hi ha disputat un total de 21 temporades, a m\u00e9s de 20 temporades a Nacional Espanyola, 4 temporades a Nacional Catalana i dues a Primera Catalana. L&#8217;\u00faltima temporada disputada a l&#8217;OkLliga\u00a0va ser la 2007-2008. Malgrat aix\u00f2, el primer equip Femen\u00ed actualment juga a l&#8217;OkLliga\u00a0Femenina despr\u00e9s de l&#8217;\u00faltim ascens la temporada 2014-2015.<\/p>\n<p style=\"text-align: justify;\">L&#8217;any 2009-2010, el primer equip Femen\u00ed\u00a0del Cerdanyola\u00a0Club d&#8217;Hoquei es va proclamar Campi\u00f3 de l&#8217;OkLliga\u00a0Femenina, aix\u00ed com de la Copa de la Reina, en v\u00e8ncer 4 gols a 5 al Voltreg\u00e0.<\/p>\n<h1>\u00a0<\/h1>\n<h1><span style=\"color: #388244;\">24 Hores d&#8217;Hoquei a Cerdanyola<\/span><\/h1>\n<p style=\"text-align: justify;\"><img loading=\"lazy\" decoding=\"async\" class=\"alignright wp-image-13137\" src=\"https:\/\/cerdanyolach.cat\/hockey\/wp-content\/uploads\/2016\/11\/60996_438819541841_3594407_n-450x289.jpg\" alt=\"\" width=\"173\" height=\"111\" srcset=\"https:\/\/cerdanyolach.cat\/hockey\/wp-content\/uploads\/2016\/11\/60996_438819541841_3594407_n-450x289.jpg 450w, https:\/\/cerdanyolach.cat\/hockey\/wp-content\/uploads\/2016\/11\/60996_438819541841_3594407_n-150x96.jpg 150w, https:\/\/cerdanyolach.cat\/hockey\/wp-content\/uploads\/2016\/11\/60996_438819541841_3594407_n-300x193.jpg 300w, https:\/\/cerdanyolach.cat\/hockey\/wp-content\/uploads\/2016\/11\/60996_438819541841_3594407_n.jpg 640w\" sizes=\"(max-width: 173px) 100vw, 173px\" \/>A l&#8217;estiu del 1956, essent president el senyor Josep Mora, el porter del Club, juntament amb uns amics, entre d&#8217;altres, Jos\u00e9 Manuel\u00a0Salillas, els germans Taure,\u00a0Adolfo\u00a0Guillen\u00a0i Jes\u00fas\u00a0Mu\u00f1iz, integrants de la colla &#8220;<em>chypis<\/em>&#8220;, varen decidir organitzar un torneig que dures 24 hores ininterrompudes. Va ser l&#8217;inici de les tradicionals &#8220;24 Hores de Cerdanyola&#8221;. La primera edici\u00f3, disputada l&#8217;agost d&#8217;aquell mateix any, es va celebrar entre dos equips integrats per 20 jugadors cadascun (blaus i verds) del mateix club. El resultat fou de 176 a 158 a favor dels blaus. L&#8217;any seg\u00fcent es varen a tornar a organitzar, amb un gran \u00e8xit, tant de p\u00fablic com esportiu. L&#8217;any 1958, es varen tornar a celebrar. Aquella temporada els jugadors de l&#8217;equip eren, entre d&#8217;altres, els germans Jaume i Alfons\u00a0Mim\u00f3, Soler,\u00a0Escard\u00f3\u00a0i Pere\u00a0Mongay.<\/p>\n<p style=\"text-align: justify;\">Les retransmissions del partit per a\u00a0r\u00e0dio\u00a0Nacional de\u00a0Espa\u00f1a, les feu el popular locutor Joan\u00a0Vi\u00f1as\u00a0Bona i hi assistiren importants autoritats, civils i militars.<\/p>\n<p style=\"text-align: justify;\">Durant molt temps, el torneig va ser un referent i un cl\u00e0ssic dins el calendari de l&#8217;hoquei estatal. Malauradament la semi professionalitzaci\u00f3 i en alguns casos la professionalitzaci\u00f3 total, han aconseguit que els clubs i jugadors es moguin per uns altres interessos molt diferents de l&#8217;esperit de gaudir amb la pr\u00e0ctica i la visi\u00f3 de l&#8217;esport.<\/p>\n<p style=\"text-align: justify;\">De l&#8217;any 1964 al 1967 i del 1972 al 1975, aquest prestigi\u00f3s torneig no es va celebrar. L&#8217;any 1976 i sota la nova presid\u00e8ncia del senyor Joan\u00a0Gonzalez\u00a0Navin\u00e9s, es va organitzar de nou l&#8217;esdeveniment, que perdura fins al moment, encara que sota altres f\u00f3rmules, motivades per l&#8217;evoluci\u00f3 dels temps que corren.<\/p>\n<h1>\u00a0<\/h1>\n<h1><span style=\"color: #388244;\">L&#8217;origen del color verd de la samarreta<\/span><\/h1>\n<p style=\"text-align: justify;\"><img loading=\"lazy\" decoding=\"async\" class=\"alignright wp-image-13138\" src=\"https:\/\/cerdanyolach.cat\/hockey\/wp-content\/uploads\/2016\/11\/2297_52517721841_4164_n-450x299.jpg\" alt=\"\" width=\"173\" height=\"115\" srcset=\"https:\/\/cerdanyolach.cat\/hockey\/wp-content\/uploads\/2016\/11\/2297_52517721841_4164_n-450x299.jpg 450w, https:\/\/cerdanyolach.cat\/hockey\/wp-content\/uploads\/2016\/11\/2297_52517721841_4164_n-150x100.jpg 150w, https:\/\/cerdanyolach.cat\/hockey\/wp-content\/uploads\/2016\/11\/2297_52517721841_4164_n-300x199.jpg 300w, https:\/\/cerdanyolach.cat\/hockey\/wp-content\/uploads\/2016\/11\/2297_52517721841_4164_n.jpg 500w\" sizes=\"(max-width: 173px) 100vw, 173px\" \/>L&#8217;origen del color de la samarreta \u00e9s fruit de la casualitat. La fam\u00edlia de Josep Maria <span class=\"hiddenSpellError\">Aloy<\/span> \u2013un dels membres de l&#8217;equip l&#8217;any 1936- era fabricant de g\u00e8nere de punt i tenia un estoc de tela de color verd que va regalar <span class=\"hiddenGrammarError\">al Cerdanyola<\/span> <span class=\"hiddenSpellError\">CH<\/span>. Des de llavors ha sigut el color de samarreta que ha defensat el club i, gr\u00e0cies als seus \u00e8xits, ha inspirat a altres clubs del poble a vestir aquest color, el qual ha facilitat que esdevingu\u00e9s color principal de l&#8217;actual\u00a0<a href=\"http:\/\/cerdanyola.info\/societat\/30-anys-de-bandera-i-escut-simbols-de-cerdanyola\/\">bandera de Cerdanyola.<\/a><\/p>\n<p style=\"text-align: left;\"><strong>\u00a0<\/strong><\/p>\n<h1><span style=\"color: #388244;\">Pistes on\u00a0ha jugat el Club<\/span><\/h1>\n<p style=\"text-align: justify;\">La primera pista on va jugar els seus partits\u00a0el Cerdanyola\u00a0Club d&#8217;Hoquei, va ser a la pista del Club Cordelles, a l&#8217;actual Parc Cordelles. Des de l&#8217;acabament de la guerra fins a l&#8217;any 1953, els partits es jugaven a la pista\u00a0del Cerdanyola\u00a0Gran Casino, situada al carrer de Santa Anna.<\/p>\n<p style=\"text-align: justify;\">L&#8217;any 1952 varen comen\u00e7ar les obres de la nova pista de la pla\u00e7a Enric Granados als terrenys que ara ocupa la biblioteca Municipal. L&#8217;any 1967, catorze anys despr\u00e9s de la seva inauguraci\u00f3, la pista de la pla\u00e7a d&#8217;Enric Granados passava a ser de propietat municipal. El document de cessi\u00f3 el signaven l&#8217;alcalde Senyor Dom\u00e8nec Fatj\u00f3\u00a0Sanmiquel\u00a0i el president del club i alhora regidor de l&#8217;ajuntament senyor Ramon\u00a0Sugra\u00f1es\u00a0Cardona.<br \/>\n L&#8217;any 1976, es va inaugurar el Pavell\u00f3 Municipal de Can\u00a0Xarau, que actualment disposa d&#8217;una capacitat total de 952 persones. Des de llavors\u00a0fins a\u00a0l&#8217;actualitat \u00e9s on disputa els seus partits oficials\u00a0el Cerdanyola\u00a0Club d&#8217;Hoquei.<\/p>\n","protected":false},"excerpt":{"rendered":"<p>Inicis La pr\u00e0ctica de l&#8217;hoquei patins a Cerdanyola, ha esdevingut un s\u00edmbol en la identitat del poble. Aquesta pr\u00e0ctica va [&hellip;]<\/p>\n","protected":false},"author":241,"featured_media":0,"parent":0,"menu_order":0,"comment_status":"closed","ping_status":"closed","template":"","meta":{"spay_email":"","footnotes":""},"class_list":["post-12175","page","type-page","status-publish","hentry"],"_links":{"self":[{"href":"https:\/\/cerdanyolach.cat\/hockey\/wp-json\/wp\/v2\/pages\/12175","targetHints":{"allow":["GET"]}}],"collection":[{"href":"https:\/\/cerdanyolach.cat\/hockey\/wp-json\/wp\/v2\/pages"}],"about":[{"href":"https:\/\/cerdanyolach.cat\/hockey\/wp-json\/wp\/v2\/types\/page"}],"author":[{"embeddable":true,"href":"https:\/\/cerdanyolach.cat\/hockey\/wp-json\/wp\/v2\/users\/241"}],"replies":[{"embeddable":true,"href":"https:\/\/cerdanyolach.cat\/hockey\/wp-json\/wp\/v2\/comments?post=12175"}],"version-history":[{"count":20,"href":"https:\/\/cerdanyolach.cat\/hockey\/wp-json\/wp\/v2\/pages\/12175\/revisions"}],"predecessor-version":[{"id":13464,"href":"https:\/\/cerdanyolach.cat\/hockey\/wp-json\/wp\/v2\/pages\/12175\/revisions\/13464"}],"wp:attachment":[{"href":"https:\/\/cerdanyolach.cat\/hockey\/wp-json\/wp\/v2\/media?parent=12175"}],"curies":[{"name":"wp","href":"https:\/\/api.w.org\/{rel}","templated":true}]}}